at is the hundreds digit of f(7)?
6
Suppose 3*r + 7 = 22. Suppose q + 3 = 0, o + r*q - q - 152 = 0. What is the units digit of o?
4
Let h(s) = -2*s**2 - 8*s + 18. Let j(d) = 2*d**2 + 13*d - 28. Let p(b) = -8*h(b) - 5*j(b). Suppose 4 - 1 = -v. What is the tens digit of p(v)?
5
Suppose 7*b - 28*b + 16*b = -49050. What is the thousands digit of b?
9
Let p(m) = -11*m - m**3 - 7*m - 4 + 2*m**2 + 24*m - 3*m**2. Let v be p(-6). Suppose -v = -2*k + 20. What is the units digit of k?
0
Let o be (-2)/(-4) - (-6)/(-4) - -5. Suppose -4*x = -o*u - 3632, -1089 = -x - 5*u - 187. What is the tens digit of x?
0
Suppose -3*k + 2*t + 23 = -2*t, 5*k = -4*t - 15. Let a be (2 + k)/(18/1464). Suppose 3*i - 62 - a = 0. What is the hundreds digit of i?
1
What is the ten thousands digit of (-1965)/(-524)*17168/6?
1
Suppose -2*a = s - 9690, 12*a = 13*a + 4*s - 4845. What is the thousands digit of a?
4
Suppose -3*q + 3*a + 9 = 6*a, -5*a + 5 = 0. Suppose -67 - 1619 = -q*n. What is the units digit of n?
3
Let a(x) = -x**3 + 5*x**2 + 9*x + 7. Let t be a(6). Let b be (-5)/t + 303/15. What is the units digit of ((-2)/(-4))/(b/1880)?
7
Let o(y) = -y - 10 - 7*y + 2*y. Suppose -28*k + 208 = -41*k. What is the tens digit of o(k)?
8
Let z(n) = 5*n**2 + 3*n - 40. Let a(g) = -2*g**2. Let y(j) = -2*a(j) + z(j). What is the units digit of y(5)?
0
Let v = -97 - -284. What is the units digit of v/(4/(-60)*-3)?
5
Suppose -10*x + 3*x = -1162. Let k = x + 336. What is the units digit of k?
2
Suppose 0 = -4*t - j + 6166, 0 = t - 4*t - 4*j + 4631. Let s = 2463 - t. What is the units digit of s?
2
Let n = 4923 + -290. Suppose 2 = z + 1, -5*l - 3*z = -n. What is the tens digit of l?
2
Let m(o) = -2*o + 4 + 4 - 3 + 10. Let r be m(6). Suppose 4*d - u - 398 = 0, -6*u + 291 = 3*d - r*u. What is the tens digit of d?
9
Let q(i) = 3*i**2 + 14*i - 27. Let a be q(-8). Let n(h) = -h**3 + 56*h**2 - 123*h - 90. What is the tens digit of n(a)?
1
Suppose 1566221 + 1907491 = 264*g. What is the tens digit of g?
5
Let k(l) = 4*l - 3. Let w be k(2). Suppose 0 = -7*u - w*u + 1116. What is the units digit of u?
3
Let o(a) = 17*a + 26. Let s(i) = 3*i - 1. Let x(r) = o(r) - 6*s(r). Suppose -2*p = -p. What is the tens digit of x(p)?
3
Suppose -38107 + 91012 = 5*u + 5*i, 5*u = 3*i + 52945. What is the units digit of u?
6
Let n = 1452 + -951. Let g = n + 19. What is the tens digit of g?
2
Suppose 4*c + m - 222 = 0, 4*c + 3*m = 7*m + 212. Suppose 21 = -x + c. Let b = x - -2. What is the units digit of b?
6
Suppose -3*y + 6899 = -7*f + 6*f, 0 = -y - 2*f + 2302. Suppose -2260 = -16*j + y. What is the hundreds digit of j?
2
Suppose -123*n + 1519416 + 1696119 = 326634. What is the ten thousands digit of n?
2
Let c(g) = -1 + g + 0 - 4 - 132*g. Suppose 5*t = 2*t - 5*i - 3, -1 = t - 2*i. What is the hundreds digit of c(t)?
1
Let t(l) = -l**3 + 2*l**2 - 2*l - 3. Let a be t(-1). Let r(j) = j + 11 + 2 - 13*j**a + 18*j**3 - 19*j**3. What is the units digit of r(-14)?
5
Suppose -2*j - 9*g = -12*g + 3, 0 = -5*j - 2*g - 36. What is the units digit of j - -12 - (-116 + 1)?
1
Suppose 14675 = 5*w + 5*i - 48625, w - 3*i - 12644 = 0. What is the hundreds digit of w?
6
Let q(u) = -24*u + 37. Let h be q(1). Suppose 5*s = 3*x - 637, 0 = h*x - 11*x - s - 420. What is the tens digit of x?
0
Suppose 2*a - p + 4*p - 1714 = 0, -4285 = -5*a + 4*p. Let j = a - 451. What is the hundreds digit of j?
4
Suppose 393*x = -4*b + 398*x + 50350, -2*b = x - 25196. What is the thousands digit of b?
2
What is the hundreds digit of (-322954 + 4)/(-6) - 11?
8
Let q be -2 + (0 + -1)*2 + -4. What is the hundreds digit of 55/(-22)*q/(-5)*-47?
1
Suppose 46*f + 23*f - 3608433 = 1109097. What is the units digit of f?
0
Suppose 0 = -2*z + 3*h + 41250, 6*h = 2*z + 8*h - 41240. What is the thousands digit of z?
0
Let d(a) = a**2 - 19*a - 91. Let n be -18*((-35)/10 - -2). What is the units digit of d(n)?
5
Suppose -33846 + 258402 = -27*n + 33*n. What is the ten thousands digit of n?
3
Suppose -6144 = -2*t - o, -4*t - o = -11850 - 444. What is the units digit of t?
5
Suppose -4*s + 4*g + 421 + 2003 = 0, s = -5*g + 630. What is the units digit of s?
0
Suppose 51*x + 99 = 62*x. Suppose 2*f - 1772 = 4*m, -f + x*m - 13*m = -856. What is the hundreds digit of f?
8
Suppose -3*b - 31 = -496. Let o be (-2)/(-28) - 40800/448. Let i = o + b. What is the tens digit of i?
6
Suppose 85*h - 409581 = -17*h - 51*h. What is the hundreds digit of h?
6
Suppose -12*z = -7*z + 10*z. Suppose -4*f + 25 = 5*t, -t + z*t = -5*f - 5. Suppose -155 = -b + 4*d, -4*b - t*d + 822 - 118 = 0. What is the units digit of b?
1
Let c(z) = 6*z**2 + 212*z + 461. What is the hundreds digit of c(56)?
1
Let h(z) = 2619*z**3 + 4*z - 3. Let k be h(1). Suppose 16*i = 21*i - k. What is the units digit of i?
4
Let v(p) = 2*p**3 - 7*p**2 + 3*p + 2. Let s be v(9). Suppose 49*j - 39*j = s. What is the units digit of j?
2
What is the tens digit of (-12 - -20) + -12*(-16080)/9?
4
Suppose -24 = 5*n + 1, 5*u = 5*n - 2280. Let z = 1215 + u. What is the units digit of z?
4
Let j be 6*((-30)/12 - -3). Suppose j*f + 0*f - 1530 = 3*r, -r = f - 520. What is the units digit of f?
5
What is the ten thousands digit of (-39532201)/(-1752) - (-8)/(-192)?
2
Let t(j) = 129*j - 11. Let i(m) = -32*m + 3. Let n be 5/(-15)*((-6)/1)/(-1). Let c(h) = n*t(h) - 9*i(h). What is the units digit of c(6)?
5
Let x = -1672 - -5501. What is the hundreds digit of x?
8
Let g(z) = -2*z**2 + 41*z + 68. Let v be g(20). Suppose v*o + 5379 = 99*o. What is the tens digit of o?
8
Let h(n) = -n + 10. Let a be (6/(-9))/(10/105). Let j be h(a). Let s = -6 + j. What is the units digit of s?
1
Suppose -18*n + 13*n = 430. Let l = -74 - n. What is the hundreds digit of (-1)/(l/8 + -1)*-65?
1
Let o(f) = -f**3 + 75*f**2 - 633*f - 111. What is the tens digit of o(57)?
9
Let b be 7 + (-54)/(-6) + -13. Suppose -b*f = -l - 4070, 0 = 5*f + l - 4*l - 6790. What is the units digit of f?
5
Let z(r) = 7*r**2 + 12*r + 13. Let o = -99 - -91. What is the hundreds digit of z(o)?
3
Let p be (4 + 0 - 0) + -2. Let t = p + 0. Suppose 0*h + 146 = t*h. What is the tens digit of h?
7
Let i(m) be the second derivative of -7/3*m**3 - 3/4*m**4 + 11/2*m**2 + 0 - 1/20*m**5 + 10*m. What is the hundreds digit of i(-9)?
1
Suppose -2*k - 7*k = -45. Suppose 5*n + 2 = -3*s, -4*n - k*s + 4*s = -4. Suppose n*g + 3*g = 4*o + 465, -4*g + 371 = -3*o. What is the units digit of g?
9
Suppose 29687 - 3336 = 4*s - b, 5*s - 5*b - 32935 = 0. What is the units digit of s?
8
Suppose 1965 = 27*p - 30*p. Let m = -368 - p. What is the hundreds digit of m?
2
Let t(f) = 4*f + 8. Let w be t(0). Suppose -8*h + 224 = w*h. What is the units digit of h?
4
Let u = 66 - 66. Let v be (-7 + 4 - u)*(-2)/3. Suppose 2*p - v*b - 327 + 75 = 0, 5*p - 650 = b. What is the units digit of p?
1
Suppose -1481*k + 1586*k - 2301810 = 0. What is the ten thousands digit of k?
2
Suppose 95*t - 84*t + 891 = 0. What is the units digit of (-25116)/t - 16/216?
0
Let z = -14381 - -17837. What is the units digit of z?
6
Let o be 21/5 - (-492)/(-410). Let z be 1 + (-4)/8*2. Suppose -o*r = r + 4*w - 152, -r + 3*w + 38 = z. What is the units digit of r?
8
Let p(y) = 58*y - 132. Let q be p(18). Suppose 5*o - 24 = -4. Suppose 3*l - 4*g = -l + q, o*l = g + 897. What is the units digit of l?
3
Let b(l) = 5*l**3 - 3*l - 2. Let k(w) = -5*w**3 + 2*w + 2. Let y(g) = -5*b(g) - 6*k(g). Let s be y(1). Suppose -3*t + s*t = 51. What is the tens digit of t?
1
Let u(i) be the third derivative of -i**5/60 - 5*i**4/6 + 4*i**3 - 12*i**2. Let a be u(-17). Let t = a - 2. What is the units digit of t?
3
Let u(t) = -t + 19. Let w be u(14). Suppose 4*j = w*j + 46. Let x = 70 + j. What is the units digit of x?
4
Let g = 66324 - 21106. What is the thousands digit of g?
5
Let i = 12924 + 187. What is the ten thousands digit of i?
1
Suppose 0 = 34*b - 36*b + 4*p + 19652, b + 2*p = 9826. What is the thousands digit of b?
9
Suppose -p + 3 = 5*y, -5*p + 3*y - 105 + 36 = 0. Let b(h) = -19*h**3 + 6*h**2 + 7*h + 4. Let w be b(-1). Let c = w + p. What is the tens digit of c?
1
What is the units digit of (-12 - -3) + -6 + 906?
1
What is the thousands digit of (-28008)/(-9) - (-2 + 54/6)?
3
Let o(w) be the second derivative of -w**3/2 - 11*w**2 + 20*w. Let x be o(-8). Let h(r) = 13*r